ber?
False
Is 1 - 6 - 11/(44/(-19464)) a prime number?
True
Suppose 0 = 4*r + 3*w + 632, -2*w = -7*r + 3*r - 612. Let f = 588 - r. Is f a composite number?
False
Let r(j) = 2*j**3 - 4*j**2 + 2*j + 1. Let z be r(2). Let c be 23/z - 33/55. Suppose -c*n = 3*u - 2536, n - 5*n = 5*u - 2544. Is n a prime number?
True
Let n(i) = -90*i + 7. Is n(-12) composite?
False
Let p(m) = 136*m - 29. Let r be p(7). Suppose -5*n = 5*i - 2270, 5*n - 2*i = 3*i + 2250. Let k = r - n. Is k a prime number?
False
Suppose 2*p + 8*b - 3*b - 25 = 0, -2*p + 5 = b. Is (-1 + p)*0/(-1) + 443 prime?
True
Let d be 737 + 1 + 7 + -9. Suppose 2*h = d + 1782. Is h a composite number?
False
Let h(f) = -1093*f - 663. Is h(-8) prime?
True
Suppose 10*z - 6*z + q - 1281 = 0, 4*z - 2*q = 1290. Is z a composite number?
True
Let a(g) = 3*g - 16. Let h be a(7). Suppose -2*c + 424 = -r, -5*r + 1177 = h*c + 102. Is c a prime number?
False
Suppose -27*b + 29166 = -21*b. Is b composite?
False
Suppose 4*b - 3115 = -4*g + 4193, g - 4 = 0. Is b a prime number?
True
Let s = -89 - -173. Suppose s = p + 1. Is p a prime number?
True
Let n be -7 + -237 + 2/2*-3. Let d = -156 - n. Is d a composite number?
True
Suppose 0 = -12*w + 28819 + 17537. Is w a composite number?
False
Is 2860/15*138 + -7 composite?
True
Suppose 0*n - 4*n - 5570 = 2*p, 5*n + p = -6961. Let i = n - -2059. Is i composite?
True
Suppose -4*i = -3*t - 120 + 4385, -1421 = -t + i. Suppose -6*p = -6273 + t. Is p prime?
True
Let i(v) = v**3 + 24*v**2 - 33*v + 57. Let p be i(-25). Let n = p + -139. Is n composite?
True
Suppose 0 = -4*s + 6*s - 2. Let m be s + -357 + 24/8. Let w = 644 + m. Is w composite?
True
Suppose 7*y = 24626 + 6972. Is ((-2)/(-4))/((-4513)/y - -1) a prime number?
False
Suppose -314 = 3*p + 3139. Let s = -652 - p. Suppose -4*a - 3*i + 657 = 140, 3*i = 4*a - s. Is a composite?
False
Suppose 5*z = 2*y - 26, -z = 4*y + 1 - 53. Let c = -13 + y. Suppose m - 121 - 6 = c. Is m a composite number?
False
Let h = 7551 + -5294. Is h prime?
False
Suppose 0 = 4*j + 4*j - 30872. Is j prime?
False
Suppose 2*x + 5 = 25. Let q(y) = -y**2 + 10*y + 3. Let m be q(x). Suppose -4*p + 2*t = -1358, 2*p + p + m*t = 1032. Is p a composite number?
True
Let t(r) be the third derivative of -r**6/120 + 5*r**4/24 + 13*r**3/6 - 12*r**2. Is t(-6) a composite number?
False
Is (25/(-9) - -3) + 135565/9 a composite number?
True
Let s(p) = 3*p**2 + 5*p - 47. Let q be s(19). Suppose 307 = l - q. Is l a composite number?
True
Let s(f) = -f**3 + 9*f**2 + 11*f - 1. Let z be (-1314)/(-126) + (-3)/7. Let m be s(z). Is (184/12)/(6/m) composite?
False
Let s(x) be the second derivative of 5*x**4/4 - 5*x**3/6 + 9*x**2/2 + 24*x. Is s(-10) composite?
False
Suppose -2*k + 5*k - 3*h = 87, -2*h = 3*k - 72. Let w = -22 + k. Is w + (26*6 - 3) a prime number?
True
Let g(l) = l**2 + l. Let y(w) = w**3 - 5*w**2 + 11*w + 6. Let h(m) = 4*g(m) - y(m). Suppose 0 = 13*p - 38 - 66. Is h(p) a composite number?
False
Let w be (-172384)/(-48) + 2/3. Suppose 2*c - c = -4*t + 2873, 5*t + c - w = 0. Is t prime?
True
Let u(d) = 23332*d - 18. Is u(1) composite?
True
Let c(t) be the first derivative of t**4/2 - 22*t**3/3 - 5*t**2 - 10*t - 7. Is c(12) prime?
False
Let n(s) = -30*s**2 - 13*s - 9. Let i(v) = -31*v**2 - 14*v - 10. Let k(a) = 6*i(a) - 7*n(a). Let w be k(8). Suppose 7*r = -34 + w. Is r composite?
False
Let v(r) = -1161*r + 310. Is v(-21) a prime number?
True
Let q = -16 + 18. Suppose 0*n + 69 = n - q*u, 3*n - 196 = -5*u. Is n composite?
False
Is (216844/5)/4 + (-114)/95 a composite number?
True
Let q(i) = -i**3 + 5*i**2 + i - 2. Let p be (10/4)/((-5)/(-10)). Let a be q(p). Suppose 0 = -8*r + a*r + 815. Is r a prime number?
True
Let q(o) = -144*o**3 - o**2 - 2*o - 1. Is q(-2) composite?
False
Suppose -110 - 46 = -3*c. Suppose -3 = -t - c. Let n = t - -422. Is n composite?
False
Suppose -6*l + 85 = -l. Suppose -4*z + l = -3. Suppose -z*v = 3*q - 2607, -q - v + 869 = -3*v. Is q a composite number?
True
Let u(k) = -k**3 - 10*k**2 + 5*k + 1. Let l be -8 + (-4 - -2) + -1. Is u(l) a prime number?
True
Let x(c) be the third derivative of c**7/252 - c**6/240 - 7*c**5/120 - c**4/6 + 4*c**2. Let l(g) be the second derivative of x(g). Is l(-6) prime?
False
Let x = -12 - -16. Let h = 4 - x. Suppose -2*q + q + 10 = h. Is q composite?
True
Let m be 1/(-4) - (-15)/12. Let u = m - -10. Is u a composite number?
False
Let y(c) = -c**3 + 6*c**2 - c - 3. Let z be ((-1)/(-3))/((-3)/(-54)). Let b be y(z). Is 2/(-6) + (-3360)/b composite?
False
Let u(y) = -339*y - 85. Is u(-38) a composite number?
True
Suppose i = 2*m + 4*i + 644, 4*m - 3*i + 1252 = 0. Let k = m - -795. Is k prime?
True
Let j = -19 - -24. Suppose -4*x = j*f - 243, 33 + 9 = x + 5*f. Is x composite?
False
Let r(w) = -3*w + 12. Let q be r(3). Suppose -4*f + 4823 = 3*z, f - z = q*z + 1182. Is f a prime number?
False
Suppose 10*s - 8*s + 4 = 0. Is -5 + 632 + (s - -6) a prime number?
True
Let p = -4154 - -355. Let v = -2402 - p. Is v composite?
True
Suppose 0*s + 5*h = 4*s - 36916, -2*h + 36916 = 4*s. Is s prime?
False
Suppose -6 = 2*i, -k + i + 3*i = -3593. Let y be (-8)/(-24) - k/(-3). Let c = y + -485. Is c prime?
True
Suppose 0 = 5*b + 4*t - 26, -3*t = b + 2*t - 22. Suppose n = -b*h + 693, 2*h - 2*n - 1036 = -h. Is h a composite number?
True
Suppose -9*m + 5598 = 4*t - 14*m, -6987 = -5*t + m. Is t prime?
False
Let z(w) = 6*w**2 + 2*w - 1. Suppose -5*i - 12 = -i. Let g(d) = -d**2 - d + 4. Let q be g(i). Is z(q) prime?
True
Suppose 21*k - 113258 = 272197. Is k composite?
True
Let u = 184 - -1069. Is u composite?
True
Let a(b) = -3*b**2 - 6. Let n(v) be the first derivative of 3*v**3 + 19*v + 1. Let c(h) = -7*a(h) - 2*n(h). Is c(-5) a prime number?
True
Let l(v) = -v**3 + v**2 - v - 1. Suppose 30 = 5*z + 5. Let g(c) = -6*c**3 - 9*c**2 + 7*c - 16. Let w(r) = z*l(r) - g(r). Is w(-14) a composite number?
False
Let q(z) = -2*z**3 - 24*z**2 + 9*z + 15. Let n(d) = d**3 + 12*d**2 - 4*d - 8. Let i(c) = 13*n(c) + 6*q(c). Is i(-11) a prime number?
False
Suppose 56*s - 57*s = -1259. Is s a composite number?
False
Let a = 2035 - -4. Is a prime?
True
Let j be -113 + (-2)/4*-4. Let u be 948/(-30) + (-2)/5. Let t = u - j. Is t a composite number?
False
Let i(q) = 26*q**2 - 14*q - 275. Is i(21) prime?
False
Let o(f) = -f - 30. Let t be o(-13). Let j(l) = -10*l + 15. Is j(t) a composite number?
True
Suppose 2*t + i - 7 = 0, -3*i = 5*t - 2*i - 22. Let c(h) = 10*h + 9. Is c(t) a composite number?
False
Suppose -8*s + 12*s - 2*v = 17220, -2*s + 2*v + 8614 = 0. Is s a prime number?
False
Let x be ((-4)/(-6))/(6/(-9)). Let s(j) = -640*j**3 + 2*j**2 + j. Is s(x) a prime number?
True
Let m be 12/(-27)*45/(-10). Suppose 0 = k + 3*k + m*a - 176, 2*k + 2*a = 90. Is k a composite number?
False
Let f = 117 - 50. Suppose 11*o - f = 318. Is o a prime number?
False
Let x = -37 + 25. Let b be (39/x - -4)*-316. Let n = b + 808. Is n prime?
True
Let b be 4*(-5)/((-30)/933). Let c = b + -368. Is c a composite number?
True
Let w(t) be the second derivative of -2*t**5/5 - t**4/12 - t**3/3 - 5*t**2/2 - 21*t. Is w(-4) a prime number?
True
Suppose 0 = -4*b - 0 - 8, -13 = -3*w + 2*b. Let s be -1*(2 - (-1 + w)). Suppose s = 2*a + 3*a - 185. Is a a prime number?
True
Let p(n) = 17*n**3 - 10*n**2 + 42*n + 19. Is p(12) a composite number?
True
Let z be -115*(4/10)/(-1). Suppose -4*u + 4*o = 40, 5*u - o + z = u. Is u/8 - (-898)/4 prime?
True
Let j(z) = -z + 20. Let p be j(8). Let y(v) = 30*v**2 - 18*v + 7. Is y(p) prime?
True
Suppose k + 13485 = 32282. Is k a prime number?
True
Suppose 0 = -3*h - 4*i - 96974, 3*h + 2*h = -3*i - 161616. Is 24/84 + h/(-14) composite?
False
Suppose -5595 = -155*s + 152*s. Is s a prime number?
False
Let g(c) = -3*c**2 + 15*c - 28. Let i be g(14). Let y = i - -899. Is y a prime number?
False
Suppose 0 = -51*l + 48*l - 225. Let k(c) = -c**3 + 3*c**2 + c - 2. Let p be k(3). Is (-6)/12*(l + p) a composite number?
False
Let r(b) = 3*b - 4. Let o(f) = -2*f + 5. Let i(c) = c - 3. Let y be i(7). Let q(n) = y*r(n) + 5*o(n). Is q(11) a prime number?
True
Let i(f) = -f**3 - 7*f**2 + 2*f + 1793. Is i(0) prime?
False
Suppose 0*x + 4 = x, -r - 12 = -3*x. Suppose r = -19*a + 14*a + 7635. Is a a composite number?
True
Let k(t) = -5*t**3 + 3*t + 4. Let m(j) = 9*j**3 - 5*